 42. What is f(26)?
-10
Let x(y) = y**3 + 16*y**2 + 19*y + 19. Calculate x(-14).
145
Let m(i) = i**3 + 8*i**2 - 9*i + 28. Calculate m(-9).
28
Let s(y) = y**3 + 12*y**2 - 2*y - 12. Determine s(-12).
12
Let x(a) = 4*a**2 - 6*a + 1. What is x(4)?
41
Let h(p) = -13*p - 69. What is h(-6)?
9
Let x(v) = -3*v**2 - 14*v + 26. Give x(-6).
2
Let t(o) = 5*o - 5. Give t(-5).
-30
Let d(i) = -i**3 + 4*i**2 - 7. Calculate d(3).
2
Let g(y) = -3*y**3 + 3*y**2 - y - 1. Give g(1).
-2
Let b(p) = 6*p + 1. Calculate b(1).
7
Let w(m) = 6*m + 150. Give w(-25).
0
Let k(i) = 29*i - 69. Calculate k(4).
47
Let i(k) = k**3 - 8*k**2 + 19*k - 20. Calculate i(6).
22
Let m(c) = -c**2 - 2*c - 26. Calculate m(0).
-26
Let l(k) = -k**3 + k**2 + 12*k - 17. Give l(3).
1
Let r(w) = w**3 - 4*w**2 - 6*w. Calculate r(5).
-5
Let w(i) = -2*i**2 + 3*i + 5. Give w(-4).
-39
Let p(b) = b**2 + 8*b + 5. Determine p(-9).
14
Let l(g) = -4*g - 20. Calculate l(-15).
40
Let d(s) = -s**3 + 4*s**2 + 4*s - 6. Calculate d(4).
10
Let b(q) = q**2 - 4*q. Determine b(8).
32
Let w(s) = 29*s**2 - 1. Give w(-1).
28
Let a(s) = -s**2 - 25*s + 59. Determine a(-26).
33
Let z(p) = -p**3 - 10*p**2 + 13*p + 22. Give z(-11).
0
Let h(z) = 4*z + 20. Determine h(-9).
-16
Let b(u) = 3*u**3 - u**2 - u + 3. What is b(-2)?
-23
Let p(w) = 3*w**3 + 3*w**2 - 3*w + 4. Give p(-3).
-41
Let v(s) = -s**2 + 10*s + 3. Give v(10).
3
Let c(a) = -a**2 + a + 1. What is c(2)?
-1
Let k(o) = -5*o**3 - 3*o**2 - 3*o - 1. What is k(-2)?
33
Let t(b) = -b + 7. Calculate t(-3).
10
Let q(v) = v**2 - 3*v - 121. What is q(13)?
9
Let n(g) = -g**3 - 9*g**2 + 11*g + 7. Calculate n(-10).
-3
Let u(y) = -21*y + 240. Give u(11).
9
Let j(q) = -q - 2. Give j(-3).
1
Let g(w) = -80*w**2 - w + 2. What is g(1)?
-79
Let y(u) = -15*u + 41. What is y(3)?
-4
Let x(v) = -v**2 - 11*v + 2. Give x(-8).
26
Let v(g) = -g**2 - 35*g - 9. Determine v(-35).
-9
Let t(d) = d**3 + 5*d**2 - 10*d. Give t(-7).
-28
Let k(u) = -17*u - 210. Give k(-12).
-6
Let z(x) = 56*x - 234. Calculate z(4).
-10
Let h(o) = -3*o - 21. Determine h(-11).
12
Let z(r) = -r**2 - 14*r - 20. What is z(-14)?
-20
Let a(p) = p**3 - 11*p**2 + 18*p + 8. What is a(9)?
8
Let r(f) = -14*f. Determine r(-1).
14
Let n(m) = -m**3 - 4*m**2 + 4*m + 1. What is n(-5)?
6
Let u(i) = -i**2 - 18*i - 7. Give u(-14).
49
Let m(c) = -5*c**3 - c. Determine m(1).
-6
Let u(l) = l**3 - 5*l**2 + 2*l + 13. Give u(4).
5
Let c(h) = -2*h**2 + h + 3. Calculate c(-2).
-7
Let o(q) = -8*q + 150. What is o(17)?
14
Let r(j) = 5*j**2 - 2*j - 102. What is r(0)?
-102
Let t(s) = -2*s**2 + 20*s - 23. Give t(13).
-101
Let o(b) = 2*b - 22. Give o(15).
8
Let c(n) = 13*n + 26. Give c(-3).
-13
Let q(d) = -d**3 + 15*d**2 - 19*d + 20. Calculate q(14).
-50
Let b(n) = -n**2. Calculate b(1).
-1
Let k(r) = -r**2 + 4*r + 2. Give k(4).
2
Let k(b) = -b**3 - 5*b**2 + 17*b + 52. Determine k(-6).
-14
Let s(c) = c**3 - 7*c**2 + 18*c - 23. What is s(4)?
1
Let w(n) = -31*n - 221. Calculate w(-7).
-4
Let r(u) = -3*u**2 + 7*u + 16. What is r(-2)?
-10
Let z(k) = -3*k + 27. What is z(17)?
-24
Let u(c) = c + 3. Determine u(-4).
-1
Let l(x) = x**2 + 17*x + 11. Determine l(-6).
-55
Let q(z) = -z**2 - 11*z + 4. Determine q(-10).
14
Let w(f) = -3*f - 37. Give w(-13).
2
Let f(s) = -31*s - 709. Give f(-23).
4
Let n(v) = v**3 + 2*v**2 + 8. Determine n(-4).
-24
Let c(o) = o**3 + o**2 + 5*o + 7. Give c(-5).
-118
Let h(w) = 10*w - 120. Determine h(15).
30
Let k(d) = 6*d**2 + 167*d - 22. Give k(-28).
6
Let y(h) = h**2 + 12*h + 17. What is y(-7)?
-18
Let n(b) = 2*b + 3. Calculate n(2).
7
Let t(f) = f**2 + 6*f. Determine t(-7).
7
Let o(g) = -g**3 - 14*g**2 + 16*g + 51. Give o(-15).
36
Let k(u) = -u**3 - 6*u**2 - u + 5. Calculate k(-5).
-15
Let i(x) = 5*x**2 - x. Calculate i(1).
4
Let x(t) = t - 2. Give x(1).
-1
Let g(w) = w**3 + 11*w**2 - 2*w + 17. What is g(-12)?
-103
Let t(k) = -k**2 - 19*k - 16. What is t(-18)?
2
Let c(v) = -v**3 - 2*v**2 + v + 3. Give c(-4).
31
Let y(w) = 2*w**3 + 2*w**2 + 3*w - 3. Give y(2).
27
Let j(n) = 13*n - 24. Calculate j(5).
41
Let o(u) = u**3 + 50*u**2 + 97*u + 79. What is o(-48)?
31
Let a(g) = -g**3 - 12*g**2 - 11*g - 7. What is a(-11)?
-7
Let c(b) = -b**2 - 5*b + 14. Calculate c(-6).
8
Let o(d) = d + 5. What is o(-4)?
1
Let j(c) = c**2 - 14*c + 32. What is j(8)?
-16
Let l(f) = f**3 + 7*f**2 + 9*f + 6. Determine l(-6).
-12
Let q(b) = 3*b**2 - 36*b + 12. Calculate q(10).
-48
Let d(q) = 2*q + 92. Determine d(11).
114
Let l(r) = -2*r**2 - 11*r + 31. Determine l(2).
1
Let o(f) = f**2 - 21*f + 42. What is o(19)?
4
Let r(f) = 2*f + 21. Give r(6).
33
Let f(d) = -d**3 - 7*d**2 - 16*d - 29. Give f(-5).
1
Let g(l) = l**3 + 4*l**2 - l. Give g(-3).
12
Let v(f) = 20*f - 279. Calculate v(14).
1
Let k(i) = 7*i - 3. Give k(-6).
-45
Let p(t) = t**2 + 10*t + 12. What is p(-7)?
-9
Let c(z) = z**2 - 7*z - 3. Give c(6).
-9
Let n(f) = 3*f - 33. What is n(14)?
9
Let b(s) = s**3 + 4*s**2 + 4*s. What is b(-3)?
-3
Let o(t) = -t**2 - 6*t - 1. What is o(-8)?
-17
Let q(w) = w**3 + 2*w**2 - 5*w - 15. Determine q(-5).
-65
Let u(s) = s**3 + 6*s**2 - 2*s - 2. Calculate u(-5).
33
Let f(v) = v**2 + 44*v - 255. Calculate f(-49).
-10
Let x(d) = -d**3 - 23*d**2 + 20*d - 85. What is x(-24)?
11
Let a(r) = r**2 + 22*r + 48. What is a(-19)?
-9
Let l(t) = t + 32. Calculate l(-14).
18
Let a(k) = 2*k**3 + 30*k**2 + 3*k + 39. Determine a(-15).
-6
Let t(y) = y**3 - y**2 + y - 42. Determine t(4).
10
Let j(c) = -2*c**3 + 3*c**2 + c. What is j(-2)?
26
Let r(a) = a**3 - 5*a**2 + 3*a - 7. Give r(5).
8
Let k(j) = -j**3 + 2*j**2 - 4*j. Calculate k(3).
-21
Let o(k) = -2*k**3 + 18*k**2 - 2*k + 22. Calculate o(9).
4
Let l(a) = 7*a + 12. Determine l(5).
47
Let j(o) = -o**3 - o**2 - 2*o - 2. Calculate j(-2).
6
Let q(k) = k**2 + 2*k - 30. What is q(-7)?
5
Let a(d) = -d**3 + 5*d**2 - 2*d + 1. Determine a(5).
-9
Let z(i) = -9*i - 8. Determine z(3).
-35
Let y(z) = -10*z + 49. Give y(6).
-11
Let o(m) = 6*m + 40. Give o(-7).
-2
Let h(i) = -4*i**2 + 195*i + 53. Give h(49).
4
Let r(f) = 4*f - 28. What is r(9)?
8
Let v(n) = -n**2 + 16*n + 120. Give v(20).
40
Let u(q) = -2*q**3 - 29*q**2 + 13*q - 36. Determine u(-15).
-6
Let d(x) = x**2 + 10*x + 1. What is d(-4)?
-23
Let v(n) = -n + 5. Calculate v(6).
-1
Let d(r) = -r**3 - 13*r**2 - 13*r - 17. Calculate d(-12).
-5
Let b(n) = n**2 + 4*n + 15. Determine b(-5).
20
Let u(l) = -2*l + 16. Give u(7).
2
Let i(t) = -t**3 + t**2 - 12*t + 42. Determine i(3).
-12
Let m(l) = 7*l - 12. Determine m(-1).
-19
Let l(q) = q**3 + 21*q**2 + 42*q + 85. Calculate l(-19).
9
Let a(p) = p**2 - 29*p + 129. Determine a(24).
9
Let v(b) = b - 14. Calculate v(20).
6
Let m(q) = 24*q - 189. Calculate m(8).
3
Let w(q) = 4*q - 67. What is w(15)?
-7
Let q(f) = -95*f**3 + 2*f**2 - f - 2. Determine q(-1).
96
Let a(b) = -4*b**2 - 7*b + 6. Calculate a(-4).
-30
Let p(k) = 24*k**2 - k + 1. What is p(1)?
24
Let l(y) = 5*y - 20. Give l(10).
30
Let m(s) = s**2 - 2. Calculate m(0).
-2
Let r(g) = -4*g - 4. What is r(6)?
-28
Let w(d) = 9*d**3 + d**2 + 2*d - 3. Determine w(2).
77
Let z(c) = c**2 - 3*c - 6. Determine z(7).
22
Let y(c) = -2*c**2 + 69*c - 33. Determine y(34).
1
Let r(w) = -4*w - 6. Calculate r(-4).
10
Let t(o) = -o**2 - 5*o - 15. What is t(-7)?
-29
Let y(w) = 38*w**2 - 69*w - 1. Calculate y(2).
13
Let l(g) = -4*g + 22. Determine l(14).
-34
Let p(t) = 2*t**3 + 11*t**2 - 23*t - 97. Give p(-6).
5
Let z(g) = -28*g. What is z(-2)?
56
Let j(v) = -v**3 + 7*v**2 + 11*v - 3. What is j(9)?
-66
Let a(f) = 2*f**2 - 13*f - 46. Give a(9).
-1
Let b(h) = -2*h**3 - 22*h**2 - 20*h + 11. Give b(-10).
11
Let n(t) = -5*t**3 - 61*t**2 - 15*t - 17. Determine n(-12).
19
Let q(n) = -5*n - 1. Determine q(-4).
19
Let l(n) = 5*n**3 - n + 1. Determine l(-2).
-37
Let n(u) = u**3 + 31*u**2 + u + 40. Give n(-31).
9
Let d(w) = w**3 + 8*w**2 - 18*w - 43. Calculate d(-10).
-63
Let g(p) = -4*p**2 + 37*p - 38. What is g(8)?
2
Let c(z) = 7*z - 12. Calculate c(6).
30
Let h(w) = -w**2 - 8*w - 12. Determine h(-5).
3
Let u(g) = -g**2 + 24*g + 55. Determine u(26).
3
Let p(m) = m**3 - 14*m**2 + 27*m - 25. Give p(12).
11
Let h(t) = t**3 + 5*t**2 + t. Determine h(-5).
-5
Let y(a) = a**2 + 19*a - 63. Determine y(-21).
-21
Let w(k) = -5*k**2 + 31*k + 26. Determine w(7).
-2
Let t(u) = 8*u - 1. Determine t(-2).
-17
Let l(q) = q**3 + 7*q**2 - 15*q + 32. 